{"id":39,"date":"2015-02-23T11:30:20","date_gmt":"2015-02-23T11:30:20","guid":{"rendered":"http:\/\/manninkyla.net\/wp\/?page_id=39"},"modified":"2026-03-11T09:06:12","modified_gmt":"2026-03-11T09:06:12","slug":"yhdistys","status":"publish","type":"page","link":"https:\/\/manninkyla.net\/?page_id=39","title":{"rendered":"ASUKASYHDISTYS"},"content":{"rendered":"<p>Mannin asukasyhdistys ry on perustettu vuonna 1986 ja sen toiminta on jatkunut yht\u00e4jaksoisesti t\u00e4h\u00e4n p\u00e4iv\u00e4\u00e4n asti. Tiivistetysti asukasyhdistyksen tarkoituksena on yll\u00e4pit\u00e4\u00e4 toiminta-alueella asumisviihtyvyyteen liittyvi\u00e4 yleisi\u00e4 etuja ja kannustaa asukkaita yhteistoimintaan kotiseutumme kehitt\u00e4miseksi. Tarkoituksena on tehd\u00e4 yhteisty\u00f6t\u00e4 Yl\u00f6j\u00e4rven kaupungin ja muiden p\u00e4\u00e4tt\u00e4jien kanssa kyl\u00e4mme asukkaiden hyvinvoinnin parantamisessa. Yhdistys j\u00e4rjest\u00e4\u00e4 lis\u00e4ksi monenlaista toimintaa ja tapahtumat painottuvat kes\u00e4aikaan ja Mannin rantaan. Uudet ideat ja toiveet toiminnan kehitt\u00e4miseksi otetaan mielell\u00e4\u00e4n vastaan. Yhdistys on j\u00e4sentens\u00e4 n\u00e4k\u00f6inen.<\/p>\n<p>Tervetuloa mukaan toimintaan!<\/p>\n<table style=\"height: 895px;\" width=\"585\">\n<tbody>\n<tr>\n<td width=\"237\"><strong>Hallitus 2025-2026<\/strong><\/td>\n<td width=\"99\"><\/td>\n<td width=\"249\"><\/td>\n<\/tr>\n<tr>\n<td width=\"237\"><strong>Puheenjohtaja \u00a0 <\/strong>Marko Vilen 041 5436948 marko.vilen@icloud.com<\/td>\n<td width=\"99\"><\/td>\n<td width=\"249\"><\/td>\n<\/tr>\n<tr>\n<td width=\"237\"><strong>Vpj.\u00a0 \u00a0<\/strong>P\u00e4ivi Rytk\u00f6nen 040 7225395 paivi.rytkonen@icloud.com<\/td>\n<td width=\"99\"><\/td>\n<td width=\"249\"><\/td>\n<\/tr>\n<tr>\n<td width=\"237\"><strong>Sihteeri\u00a0 <\/strong>Marita Riihim\u00e4ki 0407456438 arjamaritha@gmail.com<\/td>\n<td width=\"99\"><\/td>\n<td width=\"249\"><\/td>\n<\/tr>\n<tr>\n<td width=\"237\"><strong>Tiedottaja\u00a0<\/strong>Tiina Saastamoinen 044 275 2007 tiina.saastamoinen@hotmail.com<\/td>\n<td width=\"99\"><\/td>\n<td width=\"249\"><\/td>\n<\/tr>\n<tr>\n<td width=\"237\"><strong>Rahastonhoitaja <\/strong>Marita Riihim\u00e4ki 0407456438 arjamaritha@gmail.com<\/td>\n<td width=\"99\"><\/td>\n<td width=\"249\"><\/td>\n<\/tr>\n<tr>\n<td width=\"237\"><strong>Vuokrausvastaava<\/strong> Tarja Vuorela 0400 268411 tarjavuorela1@gmail.com<\/td>\n<td width=\"99\"><\/td>\n<td width=\"249\"><\/td>\n<\/tr>\n<tr>\n<td width=\"237\">Atro Kulman<\/td>\n<td width=\"99\"><\/td>\n<td width=\"249\"><\/td>\n<\/tr>\n<tr>\n<td width=\"237\">Pasi Kangassalo<\/td>\n<td width=\"99\"><\/td>\n<td width=\"249\"><\/td>\n<\/tr>\n<tr>\n<td width=\"237\"><\/td>\n<td width=\"99\"><\/td>\n<td width=\"249\"><\/td>\n<\/tr>\n<tr>\n<td width=\"237\"><\/td>\n<td width=\"99\"><\/td>\n<td width=\"249\"><\/td>\n<\/tr>\n<tr>\n<td width=\"237\"><strong>Varaj\u00e4senet:<\/strong><\/td>\n<td width=\"99\"><\/td>\n<td width=\"249\"><\/td>\n<\/tr>\n<tr>\n<td width=\"237\"><\/td>\n<td width=\"99\"><\/td>\n<td width=\"249\"><\/td>\n<\/tr>\n<tr>\n<td width=\"237\"><strong>Talkooryhm\u00e4n vet\u00e4j\u00e4: <\/strong>Pasi Kangassalo 040 5578276 sahkopalvelukangassalo@gmail.com<\/td>\n<td width=\"99\"><\/td>\n<td width=\"249\"><\/td>\n<\/tr>\n<tr>\n<td width=\"237\"><\/td>\n<td width=\"99\"><\/td>\n<td width=\"249\"><\/td>\n<\/tr>\n<tr>\n<td width=\"237\"><\/td>\n<td width=\"99\"><\/td>\n<td width=\"249\"><\/td>\n<\/tr>\n<tr>\n<td width=\"237\"><\/td>\n<td width=\"99\"><\/td>\n<td width=\"249\"><\/td>\n<\/tr>\n<tr>\n<td width=\"237\"><\/td>\n<td width=\"99\"><\/td>\n<td width=\"249\"><\/td>\n<\/tr>\n<tr>\n<td width=\"237\"><\/td>\n<td width=\"99\"><\/td>\n<td width=\"249\"><\/td>\n<\/tr>\n<tr>\n<td width=\"237\"><\/td>\n<td width=\"99\"><\/td>\n<td width=\"249\"><\/td>\n<\/tr>\n<tr>\n<td width=\"237\"><\/td>\n<td width=\"99\"><\/td>\n<td width=\"249\"><\/td>\n<\/tr>\n<tr>\n<td width=\"237\"><\/td>\n<td width=\"99\"><\/td>\n<td width=\"249\"><\/td>\n<\/tr>\n<tr>\n<td width=\"237\"><\/td>\n<td width=\"99\"><\/td>\n<td width=\"249\"><\/td>\n<\/tr>\n<tr>\n<td width=\"237\"><\/td>\n<td width=\"99\"><\/td>\n<td width=\"249\"><\/td>\n<\/tr>\n<tr>\n<td width=\"237\"><\/td>\n<td width=\"99\"><\/td>\n<td width=\"249\"><\/td>\n<\/tr>\n<tr>\n<td width=\"237\"><\/td>\n<td width=\"99\"><\/td>\n<td width=\"249\"><\/td>\n<\/tr>\n<tr>\n<td width=\"237\"><\/td>\n<td width=\"99\"><\/td>\n<td width=\"249\"><\/td>\n<\/tr>\n<\/tbody>\n<\/table>\n","protected":false},"excerpt":{"rendered":"<p>Mannin asukasyhdistys ry on perustettu vuonna 1986 ja sen toiminta on jatkunut yht\u00e4jaksoisesti t\u00e4h\u00e4n p\u00e4iv\u00e4\u00e4n asti. Tiivistetysti asukasyhdistyksen tarkoituksena on yll\u00e4pit\u00e4\u00e4 toiminta-alueella asumisviihtyvyyteen liittyvi\u00e4 yleisi\u00e4 etuja ja kannustaa asukkaita yhteistoimintaan kotiseutumme kehitt\u00e4miseksi. Tarkoituksena on tehd\u00e4 yhteisty\u00f6t\u00e4 Yl\u00f6j\u00e4rven kaupungin ja muiden p\u00e4\u00e4tt\u00e4jien kanssa kyl\u00e4mme asukkaiden hyvinvoinnin parantamisessa. Yhdistys j\u00e4rjest\u00e4\u00e4 lis\u00e4ksi monenlaista toimintaa ja tapahtumat painottuvat kes\u00e4aikaan [&hellip;]<\/p>\n","protected":false},"author":1,"featured_media":0,"parent":0,"menu_order":0,"comment_status":"closed","ping_status":"closed","template":"","meta":{"ngg_post_thumbnail":0,"footnotes":""},"class_list":["post-39","page","type-page","status-publish","hentry"],"_links":{"self":[{"href":"https:\/\/manninkyla.net\/index.php?rest_route=\/wp\/v2\/pages\/39","targetHints":{"allow":["GET"]}}],"collection":[{"href":"https:\/\/manninkyla.net\/index.php?rest_route=\/wp\/v2\/pages"}],"about":[{"href":"https:\/\/manninkyla.net\/index.php?rest_route=\/wp\/v2\/types\/page"}],"author":[{"embeddable":true,"href":"https:\/\/manninkyla.net\/index.php?rest_route=\/wp\/v2\/users\/1"}],"replies":[{"embeddable":true,"href":"https:\/\/manninkyla.net\/index.php?rest_route=%2Fwp%2Fv2%2Fcomments&post=39"}],"version-history":[{"count":79,"href":"https:\/\/manninkyla.net\/index.php?rest_route=\/wp\/v2\/pages\/39\/revisions"}],"predecessor-version":[{"id":1192,"href":"https:\/\/manninkyla.net\/index.php?rest_route=\/wp\/v2\/pages\/39\/revisions\/1192"}],"wp:attachment":[{"href":"https:\/\/manninkyla.net\/index.php?rest_route=%2Fwp%2Fv2%2Fmedia&parent=39"}],"curies":[{"name":"wp","href":"https:\/\/api.w.org\/{rel}","templated":true}]}}

<p>Mannin asukasyhdistys ry on perustettu vuonna 1986 ja sen toiminta on jatkunut yhtäjaksoisesti tähän päivään asti. Tiivistetysti asukasyhdistyksen tarkoituksena on ylläpitää toiminta-alueella asumisviihtyvyyteen liittyviä yleisiä etuja ja kannustaa asukkaita yhteistoimintaan kotiseutumme kehittämiseksi. Tarkoituksena on tehdä yhteistyötä Ylöjärven kaupungin ja muiden päättäjien kanssa kylämme asukkaiden hyvinvoinnin parantamisessa. Yhdistys järjestää lisäksi monenlaista toimintaa ja tapahtumat painottuvat kesäaikaan ja Mannin rantaan. Uudet ideat ja toiveet toiminnan kehittämiseksi otetaan mielellään vastaan. Yhdistys on jäsentensä näköinen.</p>
<p>Tervetuloa mukaan toimintaan!</p>
<table style="height: 895px;" width="585">
<tbody>
<tr>
<td width="237"><strong>Hallitus 2025-2026</strong></td>
<td width="99"></td>
<td width="249"></td>
</tr>
<tr>
<td width="237"><strong>Puheenjohtaja   </strong>Marko Vilen 041 5436948 marko.vilen@icloud.com</td>
<td width="99"></td>
<td width="249"></td>
</tr>
<tr>
<td width="237"><strong>Vpj.   </strong>Päivi Rytkönen 040 7225395 paivi.rytkonen@icloud.com</td>
<td width="99"></td>
<td width="249"></td>
</tr>
<tr>
<td width="237"><strong>Sihteeri  </strong>Marita Riihimäki 0407456438 arjamaritha@gmail.com</td>
<td width="99"></td>
<td width="249"></td>
</tr>
<tr>
<td width="237"><strong>Tiedottaja </strong>Tiina Saastamoinen 044 275 2007 tiina.saastamoinen@hotmail.com</td>
<td width="99"></td>
<td width="249"></td>
</tr>
<tr>
<td width="237"><strong>Rahastonhoitaja </strong>Marita Riihimäki 0407456438 arjamaritha@gmail.com</td>
<td width="99"></td>
<td width="249"></td>
</tr>
<tr>
<td width="237"><strong>Vuokrausvastaava</strong> Tarja Vuorela 0400 268411 tarjavuorela1@gmail.com</td>
<td width="99"></td>
<td width="249"></td>
</tr>
<tr>
<td width="237">Atro Kulman</td>
<td width="99"></td>
<td width="249"></td>
</tr>
<tr>
<td width="237">Pasi Kangassalo</td>
<td width="99"></td>
<td width="249"></td>
</tr>
<tr>
<td width="237"></td>
<td width="99"></td>
<td width="249"></td>
</tr>
<tr>
<td width="237"></td>
<td width="99"></td>
<td width="249"></td>
</tr>
<tr>
<td width="237"><strong>Varajäsenet:</strong></td>
<td width="99"></td>
<td width="249"></td>
</tr>
<tr>
<td width="237"></td>
<td width="99"></td>
<td width="249"></td>
</tr>
<tr>
<td width="237"><strong>Talkooryhmän vetäjä: </strong>Pasi Kangassalo 040 5578276 sahkopalvelukangassalo@gmail.com</td>
<td width="99"></td>
<td width="249"></td>
</tr>
<tr>
<td width="237"></td>
<td width="99"></td>
<td width="249"></td>
</tr>
<tr>
<td width="237"></td>
<td width="99"></td>
<td width="249"></td>
</tr>
<tr>
<td width="237"></td>
<td width="99"></td>
<td width="249"></td>
</tr>
<tr>
<td width="237"></td>
<td width="99"></td>
<td width="249"></td>
</tr>
<tr>
<td width="237"></td>
<td width="99"></td>
<td width="249"></td>
</tr>
<tr>
<td width="237"></td>
<td width="99"></td>
<td width="249"></td>
</tr>
<tr>
<td width="237"></td>
<td width="99"></td>
<td width="249"></td>
</tr>
<tr>
<td width="237"></td>
<td width="99"></td>
<td width="249"></td>
</tr>
<tr>
<td width="237"></td>
<td width="99"></td>
<td width="249"></td>
</tr>
<tr>
<td width="237"></td>
<td width="99"></td>
<td width="249"></td>
</tr>
<tr>
<td width="237"></td>
<td width="99"></td>
<td width="249"></td>
</tr>
<tr>
<td width="237"></td>
<td width="99"></td>
<td width="249"></td>
</tr>
<tr>
<td width="237"></td>
<td width="99"></td>
<td width="249"></td>
</tr>
</tbody>
</table>

<p>Mannin asukasyhdistys ry on perustettu vuonna 1986 ja sen toiminta on jatkunut yhtäjaksoisesti tähän päivään asti. Tiivistetysti asukasyhdistyksen tarkoituksena on ylläpitää toiminta-alueella asumisviihtyvyyteen liittyviä yleisiä etuja ja kannustaa asukkaita yhteistoimintaan kotiseutumme kehittämiseksi. Tarkoituksena on tehdä yhteistyötä Ylöjärven kaupungin ja muiden päättäjien kanssa kylämme asukkaiden hyvinvoinnin parantamisessa. Yhdistys järjestää lisäksi monenlaista toimintaa ja tapahtumat painottuvat kesäaikaan [&hellip;]</p>
